40 - -146 - (20 + 3))
20
Evaluate 0 + -82 + (24 - (59 + (79 - 109))).
-87
What is the value of -19 + 21 + -19 - (15 + 4)?
-36
Evaluate 4 - 3 - -12 - (-1379 - -1402).
-10
Evaluate 10 + -5 + 5 + -1 + -16.
-7
Evaluate -311 + 51 - -148 - -79.
-33
What is the value of (77 - 47) + 11 + 7?
48
0 + 62 + -51 + -7 + 25
29
What is -3539 + 3505 + 0 + -1 - (-10 - 0)?
-25
What is the value of 3 - -1 - 80 - (-149 - -122)?
-49
Evaluate 1 + -1 - 22 - (9293 - 9342).
27
What is 11 - (5 + -9) - 22 - (3 + (28 - 4))?
-34
What is the value of -23 + (81 - (71 - -5))?
-18
What is the value of 3 + (12 - -5 - 22) + (-22 - -7)?
-17
Calculate 78 - 48 - (-23 + -3).
56
Calculate -9 - ((-13 + 17 - -6) + -35).
16
Evaluate 5870 + -5861 - (8 - ((-1 - -1) + -1)).
0
What is the value of (2 - 16 - 1) + (1557 - 1506)?
36
Calculate -13 + -21 + -1 + -5 + 8 + -4.
-36
12 + (-19 - -8) - (-3 + -40 + 10)
34
3 + (14 - -2) - (259 + -293)
53
What is 0 + 0 + (-6 - 11) + -3 + 23 + -14?
-11
17 + -34 - (6 - 1) - (-130 + 83)
25
Evaluate 40 - 32 - -100 - 62.
46
Calculate (-68 - -16) + 16 - -10.
-26
Evaluate 1 - (6 + 2 + 17 + 15 + -5 + -31).
-3
Evaluate 55 + (-4 - (-27 + 100)).
-22
What is 293 + (-306 - -2) - ((-2 - -1) + -102 + 0)?
92
What is 9 + (-20 - (-3 - 4)) - -5 - (-40 + -4)?
45
56 + -30 + 7 + -4 + 34
63
Evaluate -50 - ((-62 - -42) + 10 - (-12 + -3 + 3)).
-52
Calculate (3 - 1) + (345 + -300 - (14 - -1)).
32
What is the value of 113 + -22 + -33 + -73?
-15
85 + (54 - (-63 + 176))
26
Calculate -16 + -1 + 2 + (13 - (20 + -2)).
-20
Calculate (-34 + 246 - 211) + (-2 - (-2 - -107)).
-106
Calculate 9 - (0 - -1) - (-175 + 198 - (2 - 23)).
-36
Calculate (-9 + 1 - ((19 - -8) + -20)) + -60 + 69.
-6
Calculate (-26 - (-11 - 12)) + 1 + -1 + (0 - -23).
20
Evaluate 65 + 0 - (-4718 + 4827).
-44
What is the value of -49 + (-32 - -49) - -8?
-24
What is -34 + (-3 - (-49 + 7)) + -71?
-66
What is the value of (155 - (124 + 48)) + -2 + (-2 - -17)?
-4
What is -32 - (0 - 40 - (640 + -610))?
38
(4 - -34) + 139 + -121
56
Calculate -18 + 2 + 193 + -101 + -66.
10
(-5 - -123) + 349 + -418
49
12 + -1 + (17 - (-5 - -47))
-14
What is the value of -7 + 41 + -33 + (0 - -37 - -1)?
39
(-61 - (-19 - -41)) + 9 + -9
-83
What is the value of 3 + (-25 - ((-10 - 20 - -5) + 15))?
-12
Calculate -11 - -1 - (13 - (9 + 4 - 21)).
-31
What is the value of 28 + (-64 - 5) + 38?
-3
Evaluate 34 - (-58 + -15 + 74).
33
Evaluate 2 - 50 - (1254 - 1275).
-27
Calculate (-308 - -158) + 153 + (0 + 9 - -1).
13
Evaluate 23 + -165 + -25 - -79.
-88
What is the value of -40 - (23 - 67) - 44?
-40
What is the value of -17 + (-95 - 37) + 101?
-48
What is -2 - -18 - (36 + 3)?
-23
What is (-78 - (63 - 158)) + 2 + 12?
31
Calculate -95 - ((-18 - -11 - (20 + -17)) + -5).
-80
Calculate (-4 - 1 - 3 - -11) + -5 + 12 + 29.
39
What is the value of -7 + (2 + 25 + -14 - 0 - -42)?
48
What is (-29 - 1) + (15 - -20) + -10 + -34?
-39
Evaluate -50 - (135 - 126 - (3 + -1 + (5 - 9))).
-61
Calculate -225 + 396 - (81 + 1).
89
Evaluate (-9 - 34) + (-72 - -79).
-36
What is (2 - 0) + -17 + (2 + (-6 - 16) - -15)?
-20
-40 - (-47 + 14 + 47)
-54
What is 12 - ((47 - 1) + 9 + 24 + -27)?
-40
What is 13 + (-13 - -19) + -5 - 72 - -1?
-57
What is -1 - -33 - (-11579 + 11578)?
33
Evaluate -9 - (11 + -12) - (-6 + (-11 - 30)).
39
Evaluate 21 + -69 + 36 + -4.
-16
Calculate 38 - (18 - 6) - 2.
24
What is -85 - -49 - (1 + -2) - -51?
16
Evaluate 7 + 2 - 1 - (1882 + -1841).
-33
Evaluate (-82 + 29 - -42) + 24 + 2.
15
What is the value of 56 + -104 + 219 + -71?
100
What is the value of -128 - (-132 + 104 + -116)?
16
Evaluate -58 + 123 - (23 - 2).
44
Evaluate 0 - -10 - (267 + -266) - 13.
-4
Evaluate 109 - (137 + 40 + -111).
43
Evaluate -30 + -4 + -175 + 148.
-61
What is (-2 - -4) + 3 + -16 - ((0 - -9) + 128)?
-148
What is -263 + 253 - (-22 - 2)?
14
-5 - (-10 - -2) - (28 - (-48 + 30))
-43
-690 - -759 - (25 + 2) - 8
34
What is -41 + (90 - 33 - 43)?
-27
Evaluate 2 - 2 - (-2380 + 2428).
-48
What is the value of 47 + (-113 - (31 + -66))?
-31
Calculate 27 - (-84 - -87) - 105.
-81
What is -50 + (50 - (-17 + 53))?
-36
-748 - -669 - ((11 - 13) + -2 + -2)
-73
What is the value of 19 + (2 + 2 - (-13 - -30))?
6
-10 + 5 + -6 + 78 + -22
45
What is the value of (-44 - (11 + -51 + 16)) + -18?
-38
What is the value of (-30 - (39 - 57)) + -26?
-38
Evaluate (1 - -14 - (248 - 222)) + (2 - -85).
76
What is the value of -2 - -19 - (259 - 90 - 199)?
47
Calculate (17 - 10) + 45 + (15 - 24).
43
Evaluate (-5 - 5) + (38 - -10 - (-13 + 0) - -3).
54
(-28 + 15 - -37) + 32 - -38
94
What is 0 + 3 + -1 + -2 + (36 - 10) + 22?
48
What is 45 + -99 + 32 + 0?
-22
What is (27 + -19 + -10 - -26) + -11?
13
Calculate -17 + (9 - 8) + 20 + 14.
18
102 + 36 + -115 + 9 + -1
31
Calculate 603 + -594 - (5 - (2 + 0 + 1 + -58)).
-51
What is the value of -48 - -45 - (-240 + 164)?
73
Evaluate (24 - ((-12 - -19) + 11)) + -17.
-11
-4 - (-1 + 16) - (-30 + 17)
-6
What is -4 + (8 - 36) - -34?
2
What is 4 + -68 + -4 + 32?
-36
-2 - -5 - (-39 + 8 + -9 + 0 + 4)
39
What is (-25 - (-6 + -24)) + -1 + (33 - -5)?
42
What is 74 + (0 - -8) + 82 + -86?
78
What is -8 + 2 + -64 - (5 + 0 - -13)?
-88
Calculate 19 + (-30 - (-30 - 11)).
30
0 - -52 - (-452 - -471)
33
Calculate -17 + (73 - (-63 - -141)).
-22
What is the value of -13 + (-1 - -1) - ((-1 - -81) + -18 + 18)?
-93
What is -67 + 24 + (0 - -8) + 0 + 0?
-35
Calculate -57 + (35 - (-8 + 20)).
-34
Evaluate 49 + -61 + (117 - 90).
15
What is the value of -4061 + 4147 - (43 + -1)?
44
Calculate -2 + (13 - (5 - (-7 + 5)) - 25 - -9).
-12
6 - (27 - (59 - 0))
38
What is 19 - (-60 + 102 - (6 + -19))?
-36
What is the value of 29 + -11 + 4 + -26?
-4
Calculate 36 + -1 + (1 - 25).
11
Evaluate -37 + 8 + (-2 - 19).
-50
Calculate -74 + 65 + (3 - -3) + 7.
4
Calculate -114 + 100 + (96 + 33 - -18).
133
What is the value of -7 + 16 - 7 - -19 - 2?
19
What is 75 - (-57 - (-150 + 89))?
71
-56 - (-27 + 22 - 29)
-22
What is (49 - 99) + 38 - (-1 + -6)?
-5
Calculate -7835 + 7786 - (-94 + 1).
44
Calculate -6 + -8 + -4 + (11 - (-3 + 7)).
-11
Calculate (10 - (24 + 3)) + (2 - 4 - (2 - 9)).
-12
-56 + (0 + 1 + -2 - (-102 + 46 + 67))
-68
81 - (-24 + -12 + 68)
49
-125 + 83 - (-59 - 2)
19
What is 0 - (-4 + 17) - -14?
1
What is (3 - -5) + -21 + -8 + 10 + -11?
-22
(-2 + -21 - -1) + 2045 + -2027
-4
Calculate 119 - (-14 - -20 - -90).
23
What is -2 + 27 + -396 + 363?
-8
Calculate -4 - ((38 - (24 + 24)) + (4 - -1)).
1
What is the value of (10 - 0) + (-24 - -5 - -22 - 6) + 3?
10
What is the value of 36 + -12 + -117 + -13 + 11?
-95
Calculate 214 + -212 + -6 + 4 + -7 + 15.
8
What is the value of 8 - -8 - -17 - (36 + -16)?
13
Calculate -60 + (-13 - -31) + 25.
-17
What is 43 + (41 - 80) - (-20 + (1 - -6))?
17
Calculate (697 - 751) + (2 - -56).
4
What is (-6 - -61) + (-124 - -108)?
39
(-62 - (40 + -97)) + 27 + 2
24
Evaluate 43 + (16 - (85 + -19)).
-7
-114 + 0 + -14297 + 14347
-64
What is the value of -74 + -2 + (53 - -51)?
28
Calculate -56 + 20 + 25 + 40 + 0.
29
What is the value of 1 - 1 - -1 - (-2780 + 2812)?
-31
What is -4 - 0 - (-30 - -17) - ((-59 - -11) + 3)?
54
What is (161 + (15 - 2) + -20 - 4) + -25?
125
1780 + -1756 - ((0 + 2 - (3 - 3)) + 5)
17
Evaluate (-14 + 8 - 16 - -61) + 7.
46
-43 - (-48 + 111 + -46)
-60
Calculate -21 + 24 + (-8 - 11) + -13.
-29
Calculate (8504 - 8534) + (126 - -2).
98
Calculate 42 + 5 + -6 - (3 - ((-20 - -20) + -5)).
33
What is -1 + 2 + (-5 - (-99 - -92))?
3
Calculate -8 + 47 + 42 - 12.
69
What is 267 - 8 - (161 + -37)?
135
What is the value of -23 + 10 + -23 + 85 + 27?
76
What is the value of (-3 - 19) + 4 - (-33 + -8)?
23
Calculate -1831 + 1796 + 0 + -20 + 0.
-55
What is (-11 - -11) + (0 - -2) + 4 + 2 + -5?
3
Calculate -6 - (-5 + 69 + -6) - (47 - 58).
-53
What is the value of (-5 - 2) + -59 + -34 - -22?
-78
(31 + -16 - 6 - 33) + 85
61
What is (6 - -22) + -15 + 18 + (9 - 0)?
40
Evaluate 0 + -4 + 5 - (-46 - -79) - 4.
-36
What is the value of -65 + (169 - 126) + -97?
-119
Evaluate (61 - (26 + -26)) + -35.
26
Calculate -120 + 186 + -74 + -72.
-80
What is (-284 - -178 - (-24 + 0)) + 2?
-80
What is the value of -18 + ((-131 - -139) + -68 + -1 - 1)?
-80
What is 0 + (2 - 6) + -2 + 0 + 10 + -11?
-7
What is the value of 22 - (11 + -15 - -26 - 14)?
14
0 + (61 - 14) + (-222 - -41)
-134
Evaluate (-2004 - -1963 - (33 + 1)) + (-4 - -3).
-76
What is 5 + 3